{"id":3786,"date":"2026-02-03T01:11:43","date_gmt":"2026-02-03T04:11:43","guid":{"rendered":"http:\/\/telefoniaprivada.ar\/web\/?post_type=product&#038;p=3786"},"modified":"2026-02-21T02:02:38","modified_gmt":"2026-02-21T05:02:38","slug":"central-telefonica-en-la-nube-10-internos","status":"publish","type":"product","link":"https:\/\/telefoniaprivada.ar\/web\/producto\/central-telefonica-en-la-nube-10-internos\/","title":{"rendered":"Central Telefonica en la nube 10 Internos"},"content":{"rendered":"\r\n<h2 class=\"wp-block-heading\" data-start=\"362\" data-end=\"449\"><strong data-start=\"367\" data-end=\"449\">Central Telef\u00f3nica en la Nube Astrum<\/strong><\/h2>\r\n<p data-start=\"451\" data-end=\"847\"><strong data-start=\"451\" data-end=\"501\">Central Telef\u00f3nica en la Nube Astrum<\/strong> es una soluci\u00f3n empresarial de alta disponibilidad que elimina la necesidad de invertir en hardware PBX tradicional. Nuestra plataforma reduce costos operativos, evita riesgos de p\u00e9rdida de datos y ofrece un entorno seguro operado en <strong data-start=\"736\" data-end=\"771\">servidores de \u00faltima generaci\u00f3n<\/strong>, con <strong data-start=\"777\" data-end=\"798\">internet dedicado<\/strong>, redundancia y <strong data-start=\"814\" data-end=\"846\">backup de energ\u00eda permanente<\/strong>.<\/p>\r\n<p data-start=\"849\" data-end=\"1102\">Astrum integra <strong data-start=\"864\" data-end=\"926\">voz, <\/strong>permitiendo atender m\u00e1s clientes, mejorar la trazabilidad y optimizar la eficiencia del equipo comercial y de soporte.<\/p>\r\n<h2 data-start=\"2628\" data-end=\"2683\"><strong data-start=\"2634\" data-end=\"2683\">Comunicaciones de Voz y Telefon\u00eda Empresarial<\/strong><\/h2>\r\n<p data-start=\"2685\" data-end=\"2723\"><strong data-start=\"2685\" data-end=\"2695\">Marca:<\/strong> Astrum<br data-start=\"2702\" data-end=\"2705\" \/><strong data-start=\"2705\" data-end=\"2716\">Modelo:<\/strong> Nube<\/p>\r\n<ul data-start=\"2725\" data-end=\"3007\">\r\n<li data-start=\"2755\" data-end=\"2785\">\r\n<p data-start=\"2757\" data-end=\"2785\"><strong data-start=\"2757\" data-end=\"2774\">Internos SIP:<\/strong> Hasta 10<\/p>\r\n<\/li>\r\n<li data-start=\"2786\" data-end=\"2818\">\r\n<p data-start=\"2788\" data-end=\"2818\"><strong data-start=\"2788\" data-end=\"2813\">Llamadas simult\u00e1neas:<\/strong> 10<\/p>\r\n<\/li>\r\n<li data-start=\"2819\" data-end=\"2844\">\r\n<p data-start=\"2821\" data-end=\"2844\"><strong data-start=\"2821\" data-end=\"2839\">Sesiones SRTP:<\/strong> 10<\/p>\r\n<\/li>\r\n<li data-start=\"2845\" data-end=\"2916\">\r\n<p data-start=\"2847\" data-end=\"2916\"><strong data-start=\"2847\" data-end=\"2883\">Conferencias de audio ilimitadas<\/strong> (con QR de acceso \u2014 consultar)<\/p>\r\n<\/li>\r\n<li data-start=\"2917\" data-end=\"3007\">\r\n<p data-start=\"2919\" data-end=\"3007\"><strong data-start=\"2919\" data-end=\"2942\">Codecs compatibles:<\/strong> Opus, G.711, G.722, G.723.1, G726-32, G729A\/B, ILBC, GSM, T.38<\/p>\r\n<\/li>\r\n<\/ul>\r\n<h2 data-start=\"1608\" data-end=\"1681\"><strong data-start=\"1613\" data-end=\"1681\">Funciones Principales de la Central Telef\u00f3nica en la Nube Astrum<\/strong><\/h2>\r\n<ul data-start=\"3047\" data-end=\"3405\">\r\n<li data-start=\"3047\" data-end=\"3067\">\r\n<p data-start=\"3049\" data-end=\"3067\">IVR Preatendedor<\/p>\r\n<\/li>\r\n<li data-start=\"3068\" data-end=\"3106\">\r\n<p data-start=\"3070\" data-end=\"3106\">Grupos de Contact Center y agentes<\/p>\r\n<\/li>\r\n<li data-start=\"3107\" data-end=\"3129\">\r\n<p data-start=\"3109\" data-end=\"3129\">Multi Conferencias<\/p>\r\n<\/li>\r\n<li data-start=\"3130\" data-end=\"3180\">\r\n<p data-start=\"3132\" data-end=\"3180\">Configuraci\u00f3n de horarios laborales y feriados<\/p>\r\n<\/li>\r\n<li data-start=\"3181\" data-end=\"3203\">\r\n<p data-start=\"3183\" data-end=\"3203\">Clases de servicio<\/p>\r\n<\/li>\r\n<li data-start=\"3204\" data-end=\"3254\">\r\n<p data-start=\"3206\" data-end=\"3254\">Rutas entrantes y salientes con y sin horarios<\/p>\r\n<\/li>\r\n<li data-start=\"3255\" data-end=\"3277\">\r\n<p data-start=\"3257\" data-end=\"3277\">Voicemail avanzado<\/p>\r\n<\/li>\r\n<li data-start=\"3278\" data-end=\"3326\">\r\n<p data-start=\"3280\" data-end=\"3326\">Reportes CDR, ACD y monitoreo en tiempo real<\/p>\r\n<\/li>\r\n<li data-start=\"3327\" data-end=\"3355\">\r\n<p data-start=\"3329\" data-end=\"3355\">Soporte t\u00e9cnico incluido<\/p>\r\n<\/li>\r\n<li data-start=\"3356\" data-end=\"3405\">\r\n<p data-start=\"3358\" data-end=\"3405\"><strong data-start=\"3358\" data-end=\"3403\">Equipo privado y no compartido en la nube<\/strong><\/p>\r\n<\/li>\r\n<\/ul>\r\n<hr data-start=\"3407\" data-end=\"3410\" \/>\r\n<h2 data-start=\"3412\" data-end=\"3452\"><strong data-start=\"3418\" data-end=\"3452\">Beneficios clave para empresas<\/strong><\/h2>\r\n<ul data-start=\"3454\" data-end=\"3735\">\r\n<li data-start=\"3454\" data-end=\"3511\">\r\n<p data-start=\"3456\" data-end=\"3511\">Reducci\u00f3n inmediata de costos al eliminar PBX f\u00edsico.<\/p>\r\n<\/li>\r\n<li data-start=\"3566\" data-end=\"3628\">\r\n<p data-start=\"3568\" data-end=\"3628\">Mayor satisfacci\u00f3n del cliente por respuestas m\u00e1s r\u00e1pidas.<\/p>\r\n<\/li>\r\n<li data-start=\"3629\" data-end=\"3675\">\r\n<p data-start=\"3631\" data-end=\"3675\">Supervisi\u00f3n de rendimiento en tiempo real.<\/p>\r\n<\/li>\r\n<li data-start=\"3676\" data-end=\"3735\">\r\n<p data-start=\"3678\" data-end=\"3735\">Escalabilidad sin necesidad de infraestructura adicional.<\/p>\r\n<\/li>\r\n<\/ul>\r\n<p data-start=\"1186\" data-end=\"1227\"><strong data-start=\"1186\" data-end=\"1227\">Incluye hasta 10 Usuarios de voz<\/strong><\/p>\r\n<ul data-start=\"1229\" data-end=\"1601\">\r\n<li data-start=\"1367\" data-end=\"1424\">\r\n<p data-start=\"1369\" data-end=\"1424\"><strong data-start=\"1369\" data-end=\"1395\">Servicio por 1 mes<\/strong><\/p>\r\n<\/li>\r\n<li data-start=\"1559\" data-end=\"1601\">\r\n<p data-start=\"1561\" data-end=\"1601\">Tipo de Cambio: Banco Naci\u00f3n Argentina<\/p>\r\n<\/li>\r\n<\/ul>\r\n<p><strong>Lineas IP de Voz<\/strong><\/p>\r\n<ul>\r\n<li>Trunk ip de 1 Canale, hasta 1 Linea Portada $ 20000 + iva mensual + Instalacion por unica vez<\/li>\r\n<li>Trunk ip de 5 Canales, hasta 5 Lineas de Portabilidad $ 50000 + iva mensual + Instalacion unica vez<\/li>\r\n<li>0800 Disponible<\/li>\r\n<\/ul>\r\n","protected":false},"excerpt":{"rendered":"<p>Central\u00a0 nube 10 Internos de voz Servicio 1 Mes<\/p>\n","protected":false},"featured_media":3804,"comment_status":"closed","ping_status":"closed","template":"","meta":[],"product_brand":[243],"product_cat":[279,263,281,280,278],"product_tag":[267,268],"class_list":{"0":"post-3786","1":"product","2":"type-product","3":"status-publish","4":"has-post-thumbnail","6":"product_brand-astrum","7":"product_cat-central-cloud","8":"product_cat-centrales-en-la-nube","9":"product_cat-mensajeria-instantanea","10":"product_cat-plan","11":"product_cat-telefonia-nube","12":"product_tag-telefonia-cloud","13":"product_tag-telefonia-nube","15":"first","16":"instock","17":"taxable","18":"shipping-taxable","19":"purchasable","20":"product-type-simple"},"_links":{"self":[{"href":"https:\/\/telefoniaprivada.ar\/web\/wp-json\/wp\/v2\/product\/3786","targetHints":{"allow":["GET"]}}],"collection":[{"href":"https:\/\/telefoniaprivada.ar\/web\/wp-json\/wp\/v2\/product"}],"about":[{"href":"https:\/\/telefoniaprivada.ar\/web\/wp-json\/wp\/v2\/types\/product"}],"replies":[{"embeddable":true,"href":"https:\/\/telefoniaprivada.ar\/web\/wp-json\/wp\/v2\/comments?post=3786"}],"wp:featuredmedia":[{"embeddable":true,"href":"https:\/\/telefoniaprivada.ar\/web\/wp-json\/wp\/v2\/media\/3804"}],"wp:attachment":[{"href":"https:\/\/telefoniaprivada.ar\/web\/wp-json\/wp\/v2\/media?parent=3786"}],"wp:term":[{"taxonomy":"product_brand","embeddable":true,"href":"https:\/\/telefoniaprivada.ar\/web\/wp-json\/wp\/v2\/product_brand?post=3786"},{"taxonomy":"product_cat","embeddable":true,"href":"https:\/\/telefoniaprivada.ar\/web\/wp-json\/wp\/v2\/product_cat?post=3786"},{"taxonomy":"product_tag","embeddable":true,"href":"https:\/\/telefoniaprivada.ar\/web\/wp-json\/wp\/v2\/product_tag?post=3786"}],"curies":[{"name":"wp","href":"https:\/\/api.w.org\/{rel}","templated":true}]}}