{"id":3213,"date":"2025-07-07T23:24:53","date_gmt":"2025-07-08T02:24:53","guid":{"rendered":"http:\/\/telefoniaprivada.ar\/web\/?post_type=product&#038;p=3213"},"modified":"2026-02-24T01:56:59","modified_gmt":"2026-02-24T04:56:59","slug":"plataforma-chatbot-empresarial-call-center-voz-virtual-ip","status":"publish","type":"product","link":"https:\/\/telefoniaprivada.ar\/web\/producto\/plataforma-chatbot-empresarial-call-center-voz-virtual-ip\/","title":{"rendered":"Plataforma Chatbot y Call Center Empresarial"},"content":{"rendered":"<h1 data-start=\"394\" data-end=\"468\"><strong data-start=\"396\" data-end=\"468\">Plataforma Chatbot Empresarial + Call Center Voz Virtual IP | Astrum<\/strong><\/h1>\n<p data-start=\"470\" data-end=\"917\">La <strong data-start=\"473\" data-end=\"544\">Plataforma Chatbot Empresarial Call Center Voz Virtual IP de Astrum<\/strong> es una soluci\u00f3n 100% en la nube, dise\u00f1ada para transformar la comunicaci\u00f3n de tu empresa con automatizaci\u00f3n, omnicanalidad y telefon\u00eda IP profesional. Combina <strong data-start=\"704\" data-end=\"729\">Chatbots inteligentes<\/strong>, <strong data-start=\"731\" data-end=\"753\">Call Center de Voz<\/strong>, <strong data-start=\"755\" data-end=\"792\">Integraci\u00f3n con WhatsApp Business<\/strong>, <strong data-start=\"794\" data-end=\"820\">Mensajer\u00eda Instant\u00e1nea<\/strong>, <strong data-start=\"822\" data-end=\"837\">PBX virtual<\/strong>, anal\u00edtica en tiempo real y herramientas avanzadas de marketing conversacional.<\/p>\n<p data-start=\"919\" data-end=\"1058\">Es una plataforma poderosa, escalable y accesible que mejora la eficiencia operativa, reduce costos y maximiza la satisfacci\u00f3n del cliente.<\/p>\n<hr data-start=\"1060\" data-end=\"1063\" \/>\n<h1 data-start=\"1065\" data-end=\"1132\"><strong data-start=\"1070\" data-end=\"1132\">Integraci\u00f3n de Mensajer\u00eda Instant\u00e1nea \u2013 Omnicanalidad Real<\/strong><\/h1>\n<p data-start=\"1134\" data-end=\"1191\">Conect\u00e1 todos tus canales de atenci\u00f3n en un solo sistema:<\/p>\n<p data-start=\"1193\" data-end=\"1290\">&#x2714; WhatsApp Business (API oficial)<br data-start=\"1226\" data-end=\"1229\" \/>&#x2714; Facebook Messenger<br data-start=\"1249\" data-end=\"1252\" \/>&#x2714; Instagram<br data-start=\"1263\" data-end=\"1266\" \/>&#x2714; Telegram<br data-start=\"1276\" data-end=\"1279\" \/>&#x2714; WebChat<\/p>\n<p data-start=\"1292\" data-end=\"1369\"><strong data-start=\"1292\" data-end=\"1369\">Automatiz\u00e1, centraliz\u00e1 y respond\u00e9 m\u00e1s r\u00e1pido desde cualquier dispositivo.<\/strong><\/p>\n<hr data-start=\"1371\" data-end=\"1374\" \/>\n<h1 data-start=\"1376\" data-end=\"1443\"><strong data-start=\"1381\" data-end=\"1443\">Precio de la Plataforma Chatbot Empresarial Virtual Astrum<\/strong><\/h1>\n<p data-start=\"1445\" data-end=\"1482\"><strong data-start=\"1445\" data-end=\"1480\">Incluye 120 Usuarios Omnicanales<\/strong><\/p>\n<ul data-start=\"1483\" data-end=\"1608\">\n<li data-start=\"1483\" data-end=\"1540\">\n<p data-start=\"1485\" data-end=\"1540\"><strong data-start=\"1485\" data-end=\"1510\">Interacciones Gratis:<\/strong> Telegram, Facebook, WebChat<\/p>\n<\/li>\n<li data-start=\"1541\" data-end=\"1608\">\n<p data-start=\"1543\" data-end=\"1608\"><strong data-start=\"1543\" data-end=\"1585\">Interacciones Ilimitadas por WhatsApp:<\/strong> Requiere saldo prepago<\/p>\n<\/li>\n<\/ul>\n<ul data-start=\"1634\" data-end=\"1735\">\n<li data-start=\"1634\" data-end=\"1678\"><strong data-start=\"1737\" data-end=\"1769\">La licencia virtual por 1<\/strong><strong data-start=\"1774\" data-end=\"1797\"> mes<\/strong><\/li>\n<\/ul>\n<p data-start=\"1799\" data-end=\"1840\"><em data-start=\"1799\" data-end=\"1840\">Tipo de cambio: Banco Naci\u00f3n Argentina.<\/em><\/p>\n<hr data-start=\"1842\" data-end=\"1845\" \/>\n<h1 data-start=\"1847\" data-end=\"1911\"><strong data-start=\"1852\" data-end=\"1911\">Beneficios de la Plataforma Chatbot Empresarial Virtual<\/strong><\/h1>\n<ol data-start=\"1913\" data-end=\"2775\">\n<li data-start=\"1913\" data-end=\"2007\">\n<p data-start=\"1916\" data-end=\"2007\"><strong data-start=\"1916\" data-end=\"1965\">N\u00famero telef\u00f3nico institucional internacional<\/strong>, ampliable a m\u00e1s l\u00edneas independientes.<\/p>\n<\/li>\n<li data-start=\"2008\" data-end=\"2099\">\n<p data-start=\"2011\" data-end=\"2099\"><strong data-start=\"2011\" data-end=\"2038\">Chatbots personalizados<\/strong> a medida, seg\u00fan procesos comerciales, soporte o cobranzas.<\/p>\n<\/li>\n<li data-start=\"2100\" data-end=\"2177\">\n<p data-start=\"2103\" data-end=\"2177\"><strong data-start=\"2103\" data-end=\"2143\">Automatizaci\u00f3n de tareas repetitivas<\/strong>, optimizando tiempo y recursos.<\/p>\n<\/li>\n<li data-start=\"2178\" data-end=\"2256\">\n<p data-start=\"2181\" data-end=\"2256\"><strong data-start=\"2181\" data-end=\"2204\">Dashboard unificado<\/strong> con toda la cartera de clientes y conversaciones.<\/p>\n<\/li>\n<li data-start=\"2257\" data-end=\"2346\">\n<p data-start=\"2260\" data-end=\"2346\"><strong data-start=\"2260\" data-end=\"2300\">Reportes y anal\u00edticas en tiempo real<\/strong> para medir desempe\u00f1o y calidad de atenci\u00f3n.<\/p>\n<\/li>\n<li data-start=\"2347\" data-end=\"2423\">\n<p data-start=\"2350\" data-end=\"2423\"><strong data-start=\"2350\" data-end=\"2389\">Mensajes autom\u00e1ticos personalizados<\/strong> posteriores a cada interacci\u00f3n.<\/p>\n<\/li>\n<li data-start=\"2424\" data-end=\"2492\">\n<p data-start=\"2427\" data-end=\"2492\"><strong data-start=\"2427\" data-end=\"2451\">Campa\u00f1as autom\u00e1ticas<\/strong> con plantillas de marketing aprobadas.<\/p>\n<\/li>\n<li data-start=\"2493\" data-end=\"2560\">\n<p data-start=\"2496\" data-end=\"2560\"><strong data-start=\"2496\" data-end=\"2526\">Env\u00edos masivos omnicanales<\/strong> para promociones y remarketing.<\/p>\n<\/li>\n<li data-start=\"2561\" data-end=\"2657\">\n<p data-start=\"2564\" data-end=\"2657\"><strong data-start=\"2564\" data-end=\"2625\">Control total de todos los mensajes entrantes y salientes<\/strong>, con base de datos integrada.<\/p>\n<\/li>\n<li data-start=\"2658\" data-end=\"2724\">\n<p data-start=\"2662\" data-end=\"2724\"><strong data-start=\"2662\" data-end=\"2709\">Consultas automatizadas de cuenta corriente<\/strong> v\u00eda chatbot.<\/p>\n<\/li>\n<li data-start=\"2725\" data-end=\"2775\">\n<p data-start=\"2729\" data-end=\"2775\"><strong data-start=\"2729\" data-end=\"2763\">Integraci\u00f3n con bases de datos<\/strong> (opcional).<\/p>\n<\/li>\n<\/ol>\n<hr data-start=\"2777\" data-end=\"2780\" \/>\n<h1 data-start=\"2782\" data-end=\"2846\"><strong data-start=\"2787\" data-end=\"2846\">Plataforma Virtual: Telefon\u00eda IP + Call Center Avanzado<\/strong><\/h1>\n<h3 data-start=\"2848\" data-end=\"2865\"><strong data-start=\"2852\" data-end=\"2865\">Capacidad<\/strong><\/h3>\n<ul data-start=\"2866\" data-end=\"2897\">\n<li data-start=\"2866\" data-end=\"2897\">\n<p data-start=\"2868\" data-end=\"2897\"><strong data-start=\"2868\" data-end=\"2897\">120 Extensiones o Internos<\/strong><\/p>\n<\/li>\n<\/ul>\n<h3 data-start=\"2899\" data-end=\"2921\"><strong data-start=\"2903\" data-end=\"2921\">Compatibilidad<\/strong><\/h3>\n<ul data-start=\"2922\" data-end=\"2987\">\n<li data-start=\"2922\" data-end=\"2935\">\n<p data-start=\"2924\" data-end=\"2935\">L\u00edneas IP<\/p>\n<\/li>\n<li data-start=\"2936\" data-end=\"2948\">\n<p data-start=\"2938\" data-end=\"2948\">Trama IP<\/p>\n<\/li>\n<li data-start=\"2949\" data-end=\"2969\">\n<p data-start=\"2951\" data-end=\"2969\">Softphone Astrum<\/p>\n<\/li>\n<li data-start=\"2970\" data-end=\"2987\">\n<p data-start=\"2972\" data-end=\"2987\">Tel\u00e9fonos SIP<\/p>\n<\/li>\n<\/ul>\n<hr data-start=\"2989\" data-end=\"2992\" \/>\n<h1 data-start=\"2994\" data-end=\"3054\"><strong data-start=\"2999\" data-end=\"3054\">Funciones Profesionales del Call Center Voz Virtual<\/strong><\/h1>\n<ul data-start=\"3056\" data-end=\"3623\">\n<li data-start=\"3056\" data-end=\"3115\">\n<p data-start=\"3058\" data-end=\"3115\">Panel web para <strong data-start=\"3073\" data-end=\"3113\">Administrador \/ Supervisor \/ Usuario<\/strong><\/p>\n<\/li>\n<li data-start=\"3116\" data-end=\"3195\">\n<p data-start=\"3118\" data-end=\"3195\"><strong data-start=\"3118\" data-end=\"3137\">IVR inteligente<\/strong> por horarios, con destinos m\u00faltiples y men\u00fa profesional<\/p>\n<\/li>\n<li data-start=\"3196\" data-end=\"3247\">\n<p data-start=\"3198\" data-end=\"3247\"><strong data-start=\"3198\" data-end=\"3223\">Grabaci\u00f3n de llamadas<\/strong> entrantes y salientes<\/p>\n<\/li>\n<li data-start=\"3248\" data-end=\"3290\">\n<p data-start=\"3250\" data-end=\"3290\">Escucha en tiempo real e intercalaci\u00f3n<\/p>\n<\/li>\n<li data-start=\"3291\" data-end=\"3376\">\n<p data-start=\"3293\" data-end=\"3376\">Registro completo de llamadas (fecha, hora, n\u00famero, costo, ruta, localidad, etc.)<\/p>\n<\/li>\n<li data-start=\"3377\" data-end=\"3439\">\n<p data-start=\"3379\" data-end=\"3439\">Grupos internos con cola de espera, posiciones y desbordes<\/p>\n<\/li>\n<li data-start=\"3440\" data-end=\"3493\">\n<p data-start=\"3442\" data-end=\"3493\">Reportes ACD: atendidas, sin atender, abandonadas<\/p>\n<\/li>\n<li data-start=\"3494\" data-end=\"3537\">\n<p data-start=\"3496\" data-end=\"3537\">Distribuci\u00f3n de llamadas por d\u00eda y hora<\/p>\n<\/li>\n<li data-start=\"3538\" data-end=\"3576\">\n<p data-start=\"3540\" data-end=\"3576\">Reportes CDR con m\u00faltiples filtros<\/p>\n<\/li>\n<li data-start=\"3577\" data-end=\"3623\">\n<p data-start=\"3579\" data-end=\"3623\">Anal\u00edtica de rendimiento de grupos y agentes<\/p>\n<\/li>\n<\/ul>\n<h1 data-start=\"3630\" data-end=\"3681\"><strong data-start=\"3635\" data-end=\"3681\">Funciones Avanzadas \u2013 Astrum Nube PyME ECC<\/strong><\/h1>\n<ul data-start=\"3683\" data-end=\"4413\">\n<li data-start=\"3683\" data-end=\"3705\">\n<p data-start=\"3685\" data-end=\"3705\">Clases de servicio<\/p>\n<\/li>\n<li data-start=\"3706\" data-end=\"3744\">\n<p data-start=\"3708\" data-end=\"3744\">Temporizador de llamadas salientes<\/p>\n<\/li>\n<li data-start=\"3745\" data-end=\"3778\">\n<p data-start=\"3747\" data-end=\"3778\">Rutas seg\u00fan costos y horarios<\/p>\n<\/li>\n<li data-start=\"3779\" data-end=\"3800\">\n<p data-start=\"3781\" data-end=\"3800\">Llamada en espera<\/p>\n<\/li>\n<li data-start=\"3801\" data-end=\"3831\">\n<p data-start=\"3803\" data-end=\"3831\">Identificaci\u00f3n de llamadas<\/p>\n<\/li>\n<li data-start=\"3832\" data-end=\"3872\">\n<p data-start=\"3834\" data-end=\"3872\">Salas de conferencia y videollamadas<\/p>\n<\/li>\n<li data-start=\"3873\" data-end=\"3929\">\n<p data-start=\"3875\" data-end=\"3929\">Modos: D\u00eda, Noche, Almuerzo, Feriados, Fin de Semana<\/p>\n<\/li>\n<li data-start=\"3930\" data-end=\"3955\">\n<p data-start=\"3932\" data-end=\"3955\">Horarios programables<\/p>\n<\/li>\n<li data-start=\"3956\" data-end=\"4004\">\n<p data-start=\"3958\" data-end=\"4004\">Configuraci\u00f3n de timbres por tipo de llamada<\/p>\n<\/li>\n<li data-start=\"4005\" data-end=\"4058\">\n<p data-start=\"4007\" data-end=\"4058\">Desborde hacia grupos, internos o l\u00edneas externas<\/p>\n<\/li>\n<li data-start=\"4059\" data-end=\"4124\">\n<p data-start=\"4061\" data-end=\"4124\">Buscapersonas \/ Intercomunicador \/ Portero IP con abrepuertas<\/p>\n<\/li>\n<li data-start=\"4125\" data-end=\"4158\">\n<p data-start=\"4127\" data-end=\"4158\">Movilidad y usuario caminante<\/p>\n<\/li>\n<li data-start=\"4159\" data-end=\"4189\">\n<p data-start=\"4161\" data-end=\"4189\">M\u00fasica en espera por grupo<\/p>\n<\/li>\n<li data-start=\"4190\" data-end=\"4222\">\n<p data-start=\"4192\" data-end=\"4222\">Claves de llamadas salientes<\/p>\n<\/li>\n<li data-start=\"4223\" data-end=\"4280\">\n<p data-start=\"4225\" data-end=\"4280\">Consola web para administrador, supervisor y usuarios<\/p>\n<\/li>\n<li data-start=\"4281\" data-end=\"4310\">\n<p data-start=\"4283\" data-end=\"4310\">Correo de voz (voicemail)<\/p>\n<\/li>\n<li data-start=\"4311\" data-end=\"4336\">\n<p data-start=\"4313\" data-end=\"4336\">Control total v\u00eda Web<\/p>\n<\/li>\n<li data-start=\"4337\" data-end=\"4363\">\n<p data-start=\"4339\" data-end=\"4363\">WebPhone para internos<\/p>\n<\/li>\n<li data-start=\"4364\" data-end=\"4387\">\n<p data-start=\"4366\" data-end=\"4387\">Backups autom\u00e1ticos<\/p>\n<\/li>\n<li data-start=\"4388\" data-end=\"4413\">\n<p data-start=\"4390\" data-end=\"4413\">Firewall configurable<\/p>\n<\/li>\n<\/ul>\n<hr data-start=\"4415\" data-end=\"4418\" \/>\n<h1 data-start=\"4420\" data-end=\"4517\"><strong data-start=\"4425\" data-end=\"4517\">La Plataforma Definitiva para Automatizar y Escalar la Atenci\u00f3n al Cliente en tu Empresa<\/strong><\/h1>\n<p data-start=\"4519\" data-end=\"4745\">La <strong data-start=\"4522\" data-end=\"4593\">Plataforma Chatbot Empresarial Call Center Voz Virtual IP de Astrum<\/strong> integra todo lo que una empresa moderna necesita:<br data-start=\"4643\" data-end=\"4646\" \/><strong data-start=\"4646\" data-end=\"4744\">Chatbots + WhatsApp Business + Call Center + VoIP + Marketing + Omnicanalidad + Automatizaci\u00f3n<\/strong>.<\/p>\n<p data-start=\"4747\" data-end=\"4866\">Ideal para PyMEs, Call Centers, comercios, servicios, soporte t\u00e9cnico, ventas y empresas con alto volumen de consultas.<\/p>\n","protected":false},"excerpt":{"rendered":"<p><strong><span style=\"font-family: Calibri, sans-serif;\"><span class=\"yoast-text-mark\" style=\"font-size: large;\">Plataforma Chatbot y Call Center Empresarial, 120 Usuarios Omnicanales Servicio de, Licencia virtual equivale a 1 mes<\/span><\/span><\/strong><\/p>\n","protected":false},"featured_media":3806,"comment_status":"closed","ping_status":"closed","template":"","meta":[],"product_brand":[243],"product_cat":[261,263,260,271,259,262],"product_tag":[288,242,245,266],"class_list":{"0":"post-3213","1":"product","2":"type-product","3":"status-publish","4":"has-post-thumbnail","6":"product_brand-astrum","7":"product_cat-aplicacion-mensajeria","8":"product_cat-centrales-en-la-nube","9":"product_cat-empresas","10":"product_cat-planes","11":"product_cat-plataforma-virtual","12":"product_cat-telefonos-y-oftphones","13":"product_tag-120-usuarios","14":"product_tag-chatbot","15":"product_tag-mensajeria-unificada","16":"product_tag-omnicanalidad","18":"first","19":"instock","20":"taxable","21":"shipping-taxable","22":"purchasable","23":"product-type-simple"},"_links":{"self":[{"href":"https:\/\/telefoniaprivada.ar\/web\/wp-json\/wp\/v2\/product\/3213","targetHints":{"allow":["GET"]}}],"collection":[{"href":"https:\/\/telefoniaprivada.ar\/web\/wp-json\/wp\/v2\/product"}],"about":[{"href":"https:\/\/telefoniaprivada.ar\/web\/wp-json\/wp\/v2\/types\/product"}],"replies":[{"embeddable":true,"href":"https:\/\/telefoniaprivada.ar\/web\/wp-json\/wp\/v2\/comments?post=3213"}],"wp:featuredmedia":[{"embeddable":true,"href":"https:\/\/telefoniaprivada.ar\/web\/wp-json\/wp\/v2\/media\/3806"}],"wp:attachment":[{"href":"https:\/\/telefoniaprivada.ar\/web\/wp-json\/wp\/v2\/media?parent=3213"}],"wp:term":[{"taxonomy":"product_brand","embeddable":true,"href":"https:\/\/telefoniaprivada.ar\/web\/wp-json\/wp\/v2\/product_brand?post=3213"},{"taxonomy":"product_cat","embeddable":true,"href":"https:\/\/telefoniaprivada.ar\/web\/wp-json\/wp\/v2\/product_cat?post=3213"},{"taxonomy":"product_tag","embeddable":true,"href":"https:\/\/telefoniaprivada.ar\/web\/wp-json\/wp\/v2\/product_tag?post=3213"}],"curies":[{"name":"wp","href":"https:\/\/api.w.org\/{rel}","templated":true}]}}